 of p?
73
Suppose 253089 + 62793 = 69*v. List the prime factors of v.
2, 3, 7, 109
Let y be 36 - (9 - 0)/(-3). Let a = y + -45. Let s(r) = -r**3 - r**2 + 15*r + 15. What are the prime factors of s(a)?
3, 5, 7
Suppose n - 42*n + 530913 = -4*n. What are the prime factors of n?
3, 4783
Let h(f) = 10*f**3 - 4*f**2 + 8*f - 23. Let r be h(5). Let l = 95 + r. List the prime factors of l.
2, 631
Suppose 0 = -14*k - 2448 + 18170. What are the prime factors of k?
1123
List the prime factors of ((-1077)/(-6))/((-74256)/(-3712) + -20).
2, 29, 359
Let z(c) = -c**3 + 3*c**2 - 14*c + 56. Let d be z(-14). Suppose -t = -5*t + q + d, q - 4 = 0. List the prime factors of t.
3, 13, 23
Suppose -2*x - 2 = -8, -4*w + x = -111573. List the prime factors of w.
2, 3, 4649
Let d(g) = 4*g**2 + 2*g - 8. Let k = -44 + 48. Let o be d(k). Suppose -3*t + 45 = -4*b - 11, 4*b = -2*t + o. What are the prime factors of t?
2, 3
Suppose -6*m = -31 - 23. Suppose 0*c + m*c = 468. Let x = c - 32. List the prime factors of x.
2, 5
Let v = 25 + -37. Let a be 124/16 - (-9)/v. Suppose -4*p = -a*p + 4*c + 145, 0 = -c - 4. What are the prime factors of p?
43
Suppose 0 = -2*b + 3*h + 108059, 3*h = -5*b - h + 270067. What are the prime factors of b?
7, 7717
Let c = 3337 - -81. Suppose 24*q - 27*q - c = -2*g, 4*g + 5*q - 6836 = 0. What are the prime factors of g?
1709
Let v = 60964 + -30929. List the prime factors of v.
5, 6007
Suppose 0*c = -4*c - 20, -c - 23 = -h. Let q(z) = z**2 - 25*z + 509. Let m be q(72). Suppose m = h*k - k. List the prime factors of k.
229
Let i = -4281 + 777. Let d = -2419 - i. Suppose 499 + d = 8*j. What are the prime factors of j?
2, 3, 11
Let g(u) be the first derivative of 23*u**2/2 - 54*u + 10. What are the prime factors of g(20)?
2, 7, 29
Suppose -4*w - v = -6779, 10*w + w - 18640 = -5*v. List the prime factors of w.
3, 5, 113
Suppose -4*x + 33905 = 5*i, -5*i + x + 2648 + 31257 = 0. List the prime factors of i.
6781
Suppose -2*f = -4*i + 84, -5*i - 142 = 10*f - 6*f. List the prime factors of (12/(-45)*3)/(f/47975).
2, 5, 101
Let k be (104/6)/((-2)/(-6)). Let a = 1420 + -1406. Let x = a + k. List the prime factors of x.
2, 3, 11
Let r = 204870 + -119326. What are the prime factors of r?
2, 17, 37
Let x = 6074 - 3734. List the prime factors of x.
2, 3, 5, 13
Suppose -s = -9*s + 80. Let p be 8/s*(-1)/(-6)*15. Suppose 714 = 4*l + p*l. List the prime factors of l.
7, 17
Let o be ((-12)/(4 + -1) - -22)/2. Suppose 0 = -o*u + 10*u. Suppose 2*r + v - 156 = -u*v, -r + 83 = 3*v. What are the prime factors of r?
7, 11
Suppose 5 = -19*r + 24*r. Let y be (-3 - r) + (0 - -2). Let b = y - -16. What are the prime factors of b?
2, 7
Let n be (-84)/147 + (-90)/14. Let i(d) = -d**3 - 2*d**2 - 5*d + 12. What are the prime factors of i(n)?
2, 73
Suppose -5*t = 3*v - 16, t + 4*v = 5*t. Let s = -35 + 136. Suppose t*r - s - 325 = 0. List the prime factors of r.
3, 71
Let h(z) = -2*z - 34. Let l be h(8). Let r = l + 91. Let n = 156 - r. List the prime factors of n.
5, 23
Suppose 100560 = 3*k - 4*q, 3*k = -3*q + 85778 + 14782. What are the prime factors of k?
2, 5, 419
Let q(s) = 9*s**3 + 309*s**2 - 57*s - 72. What are the prime factors of q(-33)?
3, 19, 29
Let m be (0 - 2 - 0) + (-10)/(-1). Let k be (-4)/(-10) - m/(-5). Let x(p) = 3*p**3 - p**2 - p + 2. List the prime factors of x(k).
2, 5
Let n(v) = 189*v - 60. Let h(x) = -4*x + 143. Let o be h(35). What are the prime factors of n(o)?
3, 13
Let k(o) = -o**3 - o**2 + o + 7. Let g be k(0). Let j = g - 2. Suppose -r - 79 = -2*t, j*t + 2*r - r - 208 = 0. List the prime factors of t.
41
Let o = -23 + 23. Let d(p) = p + 704. Let r be d(o). Suppose 2*q = -u + 176, -4*u - 2*q + r = -4*q. List the prime factors of u.
2, 11
Let w = 422 - 418. Suppose w*x = 2*a + 7*x - 1579, 2*a + 4*x - 1576 = 0. List the prime factors of a.
2, 397
Suppose -4*n = -2*n - 10. Suppose 13 = -4*p - 5*c - 2, 3 = -n*p - c. List the prime factors of (p - (-5)/3)*6.
2, 5
Let p be -13*(3 + 0 + -4). Suppose 6*a - 11 = p. Suppose 4*w = -4*s + 256, -3*s + 5*w - 48 = -a*s. List the prime factors of s.
2, 17
Let k = -133 - -142. What are the prime factors of (-168)/k*(-576)/14?
2, 3
Let n(c) = c**3 - 7*c**2 - 43. Suppose -2*b + 17 = 2*t + b, -4*t + b + 41 = 0. What are the prime factors of n(t)?
257
Let d = -9 - -13. Let p(n) = 63357 + 34*n - 63357. List the prime factors of p(d).
2, 17
Suppose 0 = -9*z - 9*z + 4590. Suppose 5*b = 10, -b - 113 = -2*o + z. What are the prime factors of o?
5, 37
Let h = -969 + 3686. List the prime factors of h.
11, 13, 19
Let j = -6595 - -6601. List the prime factors of j.
2, 3
Let d = 47643 - 32019. Suppose -14*a - 14*a = -d. What are the prime factors of a?
2, 3, 31
What are the prime factors of (-2)/(-20)*(-240)/(-24)*(82455 + -4)?
41, 2011
Let b = 20 - 22. Let a(j) = -19*j**3 - 3*j - 2. Let o be a(b). Let n = o - 83. What are the prime factors of n?
73
Let s be (-7)/(-1) - 3 - -1. Suppose -4*v + 1839 = -s*c + 8296, 4*c + 4*v = 5180. List the prime factors of c.
3, 431
Let w = -1328 + 13884. What are the prime factors of w?
2, 43, 73
List the prime factors of (5500/(-75))/(2/(-69)) + 9.
2539
Let w(q) = -q**3 + q**2 + 3*q + 429. Let m be w(0). Let d = m - 169. What are the prime factors of d?
2, 5, 13
Let v be (-311)/(18/3 + -4 + -3). Let g = -36 + v. What are the prime factors of g?
5, 11
What are the prime factors of 39/(4263/8490 + 14/(-28))?
5, 13, 283
Suppose -325*s = 65*s - 4195351 + 1220821. What are the prime factors of s?
29, 263
Suppose -11826*j + 11844*j - 178776 = 0. What are the prime factors of j?
2, 13, 191
Let o be ((-1665)/74)/(2/20). Let f = -105 - o. What are the prime factors of f?
2, 3, 5
Let s(i) = -i**3 + 9*i**2 + 11*i - 38. What are the prime factors of s(-18)?
2, 7, 19
Suppose 27*k - 359 - 73 = 0. Suppose -k*m = -11*m - 915. What are the prime factors of m?
3, 61
Let r(c) be the first derivative of 2*c**3/3 + 13*c**2 - 24*c - 48. Let y be r(-17). What are the prime factors of (-1 - y)*9/(-9)?
113
What are the prime factors of -2 - 9/6*-6320?
2, 7, 677
Let x be 1219 + 0 + 2/(0 + 2). Suppose 4*d - 244 = -l + d, -5*l = d - x. Let m = l + -166. What are the prime factors of m?
2, 3, 13
Let g(y) be the second derivative of -y**3/6 + 15*y**2/2 - 7*y. Let f be g(-27). Suppose 42 = -f*q + 43*q. List the prime factors of q.
2, 3, 7
List the prime factors of -2*(3 - 53690/20).
31, 173
Suppose -600 = -u - 2*s, u + 5*s - 355 = 260. Suppose -24*j = 110 - u. What are the prime factors of j?
2, 5
Let h be (4 - -4)/(-4) + -4. Let l = h + 30. Suppose 0 = 2*r + 2*v - l, 4*r + 0 = v + 43. What are the prime factors of r?
11
Suppose 0 = 46*n + 4*n - 487050. List the prime factors of n.
3, 17, 191
Let x(f) = 30*f - 140. Let m be x(25). Let p = m - 181. What are the prime factors of p?
3, 11, 13
Suppose 2*o + 4*p = -o - 121, 5*o - 4*p + 159 = 0. Let s = -33 - o. Suppose s*i - 116 = -2*i. What are the prime factors of i?
29
Suppose 3*w - 5838 - 6681 = -5*x, -3*w + 9 = 0. What are the prime factors of x?
2, 3, 139
Suppose 7*n + 24 = n. Let w(y) be the first derivative of -7*y**2/2 - 16*y + 15. What are the prime factors of w(n)?
2, 3
Let p = 43 - 40. Suppose w - p*r = 536, -2*w + 4*r + 1046 = -16. What are the prime factors of w?
521
Suppose 4*t + 8*w = 3*w + 119, t - 5*w = 61. Let i be (t/27)/(1 + (-11)/12). Let k = 126 + i. List the prime factors of k.
2, 71
List the prime factors of 26*(-24)/(-10)*(-9100)/(-104).
2, 3, 5, 7, 13
Suppose -3*y + 14360 = 5*b - y, -2*b = -y - 5753. List the prime factors of b.
2, 3, 479
Suppose -4*g + 118*v = 123*v - 104884, 6*g - 157290 = -3*v. What are the prime factors of g?
3, 8737
Let y(c) = -14*c**3 + 3*c**2 + 5*c + 5. Let r be y(-3). Suppose 0 = 3*q - 160 - r. List the prime factors of q.
5, 37
Let a(s) = 239*s**2 + 2*s + 1603. What are the prime factors of a(0)?
7, 229
Let c = -291 - -805. Suppose 0 = -3*k + 4*z + 320, 10*k = 5*k - 3*z + c. Suppose 5*h - k - 56 = 0. List the prime factors of h.
2
What are the prime factors of (14 + (-2774)/(-5))/((-2)/(-30))?
2, 3, 79
Let j be 11 + (-2 - 12/12). Let x(k) = k - k + 9*k - 9. What are the prime factors of x(j)?
3, 7
Let f = -75 + 80. Suppose -6*j - 877 = -2*x - 11*j, -j = -f*x + 2125. What are the prime factors of x?
2, 3, 71
Let f(d) = 1657*d**2 - 46*d